{"id":167,"date":"2014-01-14T12:39:42","date_gmt":"2014-01-14T12:39:42","guid":{"rendered":"http:\/\/papiere.lkz.bplaced.net\/?page_id=167"},"modified":"2014-02-18T07:57:38","modified_gmt":"2014-02-18T07:57:38","slug":"beidseitig-mattierte-polyesterfolie","status":"publish","type":"page","link":"http:\/\/papier.papiere.de\/?page_id=167","title":{"rendered":"Mattierte Polyesterfolie"},"content":{"rendered":"<h2>Rollen &#8211; Ink-Jet Folien<\/h2>\n<p style=\"padding-left: 30px;\"><em><strong><span style=\"color: #000000;\"><a title=\"Beidseitig mattierte Polyesterfolie\" href=\"http:\/\/papier.papiere.de\/?page_id=167\"><span style=\"color: #000000;\">Mattierte Polyesterfolie<\/span><\/a><\/span><\/strong><\/em><br \/>\n<span style=\"color: #000000;\"> <a title=\"Glasklare Polyesterfolie\" href=\"http:\/\/papier.papiere.de\/?page_id=172\"><span style=\"color: #000000;\">Glasklare Polyesterfolie<\/span><\/a><\/span><br \/>\n<span style=\"color: #000000;\"><a title=\"Persenning light 110gr.\" href=\"http:\/\/papier.papiere.de\/?page_id=262\"><span style=\"color: #000000;\">Persenning light<\/span><\/a><\/span><em><strong><span style=\"color: #000000;\"><br \/>\n<\/span><\/strong><\/em><span style=\"color: #000000;\"><a title=\"Oc\u00e9 Inkjet Film wei\u00df selbstklebend\" href=\"http:\/\/papier.papiere.de\/?page_id=264\"><span style=\"color: #000000;\">Tyvek<\/span><\/a><\/span><\/p>\n<h1>Beidseitig mattierte Polyesterfolie<\/h1>\n<p>(auch f\u00fcr Farbfl\u00e4chenplots geeignet), verzugsfrei, ma\u00dfbest\u00e4ndig, reissfest, pr\u00e4zise Tintentrocknung (0,10mm).<\/p>\n<table style=\"width: 100%;\" border=\"0\">\n<tbody>\n<tr>\n<th style=\"background-color: #cccccc;\">Gewicht<\/th>\n<th style=\"background-color: #cccccc;\">Format\/Norm<\/th>\n<th style=\"background-color: #cccccc;\">Breite (cm)<\/th>\n<th style=\"background-color: #cccccc;\">L\u00e4nge\/RII. (m)<\/th>\n<th style=\"background-color: #cccccc;\">Best-Nr.<\/th>\n<\/tr>\n<tr bgcolor=\"#99CCFF\">\n<td>100\u00b5<\/td>\n<td>24&#8243;<\/td>\n<td>61,0<\/td>\n<td>30<\/td>\n<td>500061<\/td>\n<\/tr>\n<tr bgcolor=\"#CCFFFF\">\n<td>100\u00b5<\/td>\n<td>36&#8243;<\/td>\n<td>91,4<\/td>\n<td>30<\/td>\n<td>500091<\/td>\n<\/tr>\n<\/tbody>\n<\/table>\n<p><\/p>\n","protected":false},"excerpt":{"rendered":"<p>Rollen &#8211; Ink-Jet Folien Mattierte Polyesterfolie Glasklare Polyesterfolie Persenning light Tyvek Beidseitig mattierte Polyesterfolie (auch f\u00fcr Farbfl\u00e4chenplots geeignet), verzugsfrei, ma\u00dfbest\u00e4ndig, reissfest, pr\u00e4zise Tintentrocknung (0,10mm). Gewicht Format\/Norm Breite (cm) L\u00e4nge\/RII. (m) Best-Nr. 100\u00b5 24&#8243; 61,0 30 500061 100\u00b5 36&#8243; 91,4 30 &hellip; <a href=\"http:\/\/papier.papiere.de\/?page_id=167\">Weiterlesen <span class=\"meta-nav\">&rarr;<\/span><\/a><\/p>\n","protected":false},"author":1,"featured_media":725,"parent":19,"menu_order":0,"comment_status":"closed","ping_status":"open","template":"","meta":[],"_links":{"self":[{"href":"http:\/\/papier.papiere.de\/index.php?rest_route=\/wp\/v2\/pages\/167"}],"collection":[{"href":"http:\/\/papier.papiere.de\/index.php?rest_route=\/wp\/v2\/pages"}],"about":[{"href":"http:\/\/papier.papiere.de\/index.php?rest_route=\/wp\/v2\/types\/page"}],"author":[{"embeddable":true,"href":"http:\/\/papier.papiere.de\/index.php?rest_route=\/wp\/v2\/users\/1"}],"replies":[{"embeddable":true,"href":"http:\/\/papier.papiere.de\/index.php?rest_route=%2Fwp%2Fv2%2Fcomments&post=167"}],"version-history":[{"count":9,"href":"http:\/\/papier.papiere.de\/index.php?rest_route=\/wp\/v2\/pages\/167\/revisions"}],"predecessor-version":[{"id":698,"href":"http:\/\/papier.papiere.de\/index.php?rest_route=\/wp\/v2\/pages\/167\/revisions\/698"}],"up":[{"embeddable":true,"href":"http:\/\/papier.papiere.de\/index.php?rest_route=\/wp\/v2\/pages\/19"}],"wp:featuredmedia":[{"embeddable":true,"href":"http:\/\/papier.papiere.de\/index.php?rest_route=\/wp\/v2\/media\/725"}],"wp:attachment":[{"href":"http:\/\/papier.papiere.de\/index.php?rest_route=%2Fwp%2Fv2%2Fmedia&parent=167"}],"curies":[{"name":"wp","href":"https:\/\/api.w.org\/{rel}","templated":true}]}}