{"id":176,"date":"2014-01-14T12:54:59","date_gmt":"2014-01-14T12:54:59","guid":{"rendered":"http:\/\/papiere.lkz.bplaced.net\/?page_id=176"},"modified":"2017-02-27T10:39:56","modified_gmt":"2017-02-27T10:39:56","slug":"standard-weises-inkjet-papier-80gr","status":"publish","type":"page","link":"http:\/\/papier.papiere.de\/?page_id=176","title":{"rendered":"Standard-wei\u00dfes Inkjet-Papier 80gr."},"content":{"rendered":"<h1>Plotterpapiere (unbeschichtet)<\/h1>\n<p style=\"padding-left: 30px;\"><em><strong><a title=\"Standard-wei\u00dfes Inkjet-Papier 80gr.\" href=\"http:\/\/papier.papiere.de\/?page_id=176\">Standard-wei\u00dfes Inkjet-Papier 80gr.<\/a><\/strong><\/em><br \/>\n<a title=\"Standard-hochwei\u00dfes Inkjet-Papier 85gr.\" href=\"http:\/\/papier.papiere.de\/?page_id=771\">Standard-hochwei\u00dfes Inkjet-Papier 85gr.<\/a><br \/>\n<a title=\"Standard-wei\u00dfes Inkjet-Papier 90gr.\" href=\"http:\/\/papier.papiere.de\/?page_id=178\"> Standard-wei\u00dfes Inkjet-Papier 90gr.<\/a><br \/>\n<a title=\"Standard-hochwei\u00dfes Inkjet-Papier 90gr.\" href=\"http:\/\/papier.papiere.de\/?page_id=180\"> Standard-hochwei\u00dfes Inkjet-Papier 90gr.<\/a><\/p>\n<p>&nbsp;<\/p>\n<h2><\/h2>\n<h2>Standard-wei\u00dfes Inkjet-Papier 80gr.<\/h2>\n<p>unbeschichtet f\u00fcr s\/w- und Farblinienplots mit hoher Aufl\u00f6sung; schnelle Tintentrocknung und sehr guter Kontrast sind gew\u00e4hrleistet.<\/p>\n<table border=\"0\">\n<tbody>\n<tr>\n<th bgcolor=\"#ccc\">Gewicht<\/th>\n<th bgcolor=\"#ccc\">Format\/Norm<\/th>\n<th bgcolor=\"#ccc\">Breite (cm)<\/th>\n<th bgcolor=\"#ccc\">L\u00e4nge\/RII. (m)<\/th>\n<th bgcolor=\"#ccc\">Best-Nr.<\/th>\n<\/tr>\n<tr bgcolor=\"#99CCFF\">\n<td>80g<\/td>\n<td><\/td>\n<td>29,7<\/td>\n<td>50<\/td>\n<td>40805030<\/td>\n<\/tr>\n<tr bgcolor=\"#CCFFFF\">\n<td>80g<\/td>\n<td><\/td>\n<td>42,0<\/td>\n<td>50<\/td>\n<td>408042<\/td>\n<\/tr>\n<tr bgcolor=\"#99CCFF\">\n<td>80g<\/td>\n<td><\/td>\n<td>42,0<\/td>\n<td>120<\/td>\n<td>41801242<\/td>\n<\/tr>\n<tr style=\"background-color: #ccffff;\">\n<td>80g<\/td>\n<td><\/td>\n<td>42,0<\/td>\n<td>150<\/td>\n<td>41801542<\/td>\n<\/tr>\n<tr bgcolor=\"#99CCFF\">\n<td>80g<\/td>\n<td><\/td>\n<td>45,0<\/td>\n<td>50<\/td>\n<td>408045<\/td>\n<\/tr>\n<tr bgcolor=\"#F1f1f1\">\n<td style=\"background-color: #ffffff;\" colspan=\"5\"><\/td>\n<\/tr>\n<tr>\n<th bgcolor=\"#ccc\">Gewicht<\/th>\n<th bgcolor=\"#ccc\">Format\/Norm<\/th>\n<th bgcolor=\"#ccc\">Breite (cm)<\/th>\n<th bgcolor=\"#ccc\">L\u00e4nge\/RII. (m)<\/th>\n<th bgcolor=\"#ccc\">Best-Nr.<\/th>\n<\/tr>\n<tr style=\"background-color: #99ccff;\">\n<td>80g<\/td>\n<td><\/td>\n<td>59,4<\/td>\n<td>50<\/td>\n<td>408059<\/td>\n<\/tr>\n<tr style=\"background-color: #ccffff;\">\n<td>80g<\/td>\n<td><\/td>\n<td>59,4<\/td>\n<td>90<\/td>\n<td>41809060<\/td>\n<\/tr>\n<tr style=\"background-color: #99ccff;\">\n<td>80g<\/td>\n<td><\/td>\n<td>59,4<\/td>\n<td>120<\/td>\n<td>41801260<\/td>\n<\/tr>\n<tr style=\"background-color: #ccffff;\">\n<td>80g<\/td>\n<td><\/td>\n<td>59,4<\/td>\n<td>150<\/td>\n<td>41801560<\/td>\n<\/tr>\n<tr style=\"background-color: #99ccff;\">\n<td>80g<\/td>\n<td>24&#8243;<\/td>\n<td>61,0<\/td>\n<td>50<\/td>\n<td>408061<\/td>\n<\/tr>\n<tr style=\"background-color: #ccffff;\">\n<td>80g<\/td>\n<td>24&#8243;<\/td>\n<td>61,0<\/td>\n<td>90<\/td>\n<td>40806190<\/td>\n<\/tr>\n<tr style=\"background-color: #99ccff;\">\n<td>80g<\/td>\n<td>24&#8243;<\/td>\n<td>61,0<\/td>\n<td>100<\/td>\n<td>40806110<\/td>\n<\/tr>\n<tr style=\"background-color: #ccffff;\">\n<td>80g<\/td>\n<td>24&#8243;<\/td>\n<td>61,0<\/td>\n<td>120<\/td>\n<td>40806112<\/td>\n<\/tr>\n<tr style=\"background-color: #99ccff;\">\n<td>80g<\/td>\n<td>24&#8243;<\/td>\n<td>61,0<\/td>\n<td>150<\/td>\n<td>408061150<\/td>\n<\/tr>\n<tr bgcolor=\"#F1f1f1\">\n<td style=\"background-color: #ffffff;\" colspan=\"5\"><\/td>\n<\/tr>\n<tr>\n<th bgcolor=\"#ccc\">Gewicht<\/th>\n<th bgcolor=\"#ccc\">Format\/Norm<\/th>\n<th bgcolor=\"#ccc\">Breite (cm)<\/th>\n<th bgcolor=\"#ccc\">L\u00e4nge\/RII. (m)<\/th>\n<th bgcolor=\"#ccc\">Best-Nr.<\/th>\n<\/tr>\n<tr bgcolor=\"#99CCFF\">\n<td>80g<\/td>\n<td><\/td>\n<td>84,1<\/td>\n<td>50<\/td>\n<td>408084<\/td>\n<\/tr>\n<tr bgcolor=\"#CCFFFF\">\n<td>80g<\/td>\n<td><\/td>\n<td>84,1<\/td>\n<td>90<\/td>\n<td>41809084<\/td>\n<\/tr>\n<tr style=\"background-color: #99ccff;\">\n<td>80g<\/td>\n<td><\/td>\n<td>84,1<\/td>\n<td>120<\/td>\n<td>41801284<\/td>\n<\/tr>\n<tr bgcolor=\"#CCFFFF\">\n<td>80g<\/td>\n<td><\/td>\n<td>84,1<\/td>\n<td>150<\/td>\n<td>41801584<\/td>\n<\/tr>\n<tr style=\"background-color: #99ccff;\">\n<td>80g<\/td>\n<td>36&#8243;<\/td>\n<td>91,4<\/td>\n<td>50<\/td>\n<td>408050<\/td>\n<\/tr>\n<tr style=\"background-color: #ccffff;\">\n<td>80g<\/td>\n<td>36&#8243;<\/td>\n<td>91,4<\/td>\n<td>90<\/td>\n<td>408090<\/td>\n<\/tr>\n<tr style=\"background-color: #99ccff;\">\n<td>80g<\/td>\n<td>36&#8243;<\/td>\n<td>91,4<\/td>\n<td>100<\/td>\n<td>408010<\/td>\n<\/tr>\n<tr style=\"background-color: #ccffff;\">\n<td>80g<\/td>\n<td>36&#8243;<\/td>\n<td>91,4<\/td>\n<td>120<\/td>\n<td>4080120<\/td>\n<\/tr>\n<tr style=\"background-color: #99ccff;\">\n<td>80g<\/td>\n<td>36&#8243;<\/td>\n<td>91,4<\/td>\n<td>150<\/td>\n<td>4080150<\/td>\n<\/tr>\n<tr style=\"background-color: #ccffff;\">\n<td>80g<\/td>\n<td>36&#8243;<\/td>\n<td>91,4<\/td>\n<td>190<\/td>\n<td>4080190<\/td>\n<\/tr>\n<tr bgcolor=\"#F1f1f1\">\n<td style=\"background-color: #ffffff;\" colspan=\"5\"><\/td>\n<\/tr>\n<tr>\n<th bgcolor=\"#ccc\">Gewicht<\/th>\n<th bgcolor=\"#ccc\">Format\/Norm<\/th>\n<th bgcolor=\"#ccc\">Breite (cm)<\/th>\n<th bgcolor=\"#ccc\">L\u00e4nge\/RII. (m)<\/th>\n<th bgcolor=\"#ccc\">Best-Nr.<\/th>\n<\/tr>\n<tr bgcolor=\"#CCFFFF\">\n<td>80g<\/td>\n<td>42&#8243;<\/td>\n<td>106,7<\/td>\n<td>50<\/td>\n<td>40805010<\/td>\n<\/tr>\n<tr bgcolor=\"#99CCFF\">\n<td>80g<\/td>\n<td>42&#8243;<\/td>\n<td>106,7<\/td>\n<td>90<\/td>\n<td>40809010<\/td>\n<\/tr>\n<tr bgcolor=\"#CCFFFF\">\n<td>80g<\/td>\n<td>44&#8243;<\/td>\n<td>111,8<\/td>\n<td>50<\/td>\n<td>40805012<\/td>\n<\/tr>\n<tr bgcolor=\"#99CCFF\">\n<td>80g<\/td>\n<td>44&#8243;<\/td>\n<td>111,8<\/td>\n<td>90<\/td>\n<td>40809012<\/td>\n<\/tr>\n<tr bgcolor=\"#CCFFFF\">\n<td>80g<\/td>\n<td>50&#8243;<\/td>\n<td>127,0<\/td>\n<td>50<\/td>\n<td>40805013<\/td>\n<\/tr>\n<tr bgcolor=\"#99CCFF\">\n<td>80g<\/td>\n<td>54&#8243;<\/td>\n<td>137,2<\/td>\n<td>50<\/td>\n<td>40805014<\/td>\n<\/tr>\n<tr bgcolor=\"#CCFFFF\">\n<td>80g<\/td>\n<td>60&#8243;<\/td>\n<td>152,4<\/td>\n<td>50<\/td>\n<td>40805015<\/td>\n<\/tr>\n<\/tbody>\n<\/table>\n<p><a name=\"Standardwei\u00dfesInkjetPapier90gr\"><\/a><\/p>\n","protected":false},"excerpt":{"rendered":"<p>Plotterpapiere (unbeschichtet) Standard-wei\u00dfes Inkjet-Papier 80gr. Standard-hochwei\u00dfes Inkjet-Papier 85gr. Standard-wei\u00dfes Inkjet-Papier 90gr. Standard-hochwei\u00dfes Inkjet-Papier 90gr. &nbsp; Standard-wei\u00dfes Inkjet-Papier 80gr. unbeschichtet f\u00fcr s\/w- und Farblinienplots mit hoher Aufl\u00f6sung; schnelle Tintentrocknung und sehr guter Kontrast sind gew\u00e4hrleistet. Gewicht Format\/Norm Breite (cm) L\u00e4nge\/RII. (m) &hellip; <a href=\"http:\/\/papier.papiere.de\/?page_id=176\">Weiterlesen <span class=\"meta-nav\">&rarr;<\/span><\/a><\/p>\n","protected":false},"author":1,"featured_media":0,"parent":50,"menu_order":0,"comment_status":"closed","ping_status":"open","template":"","meta":[],"_links":{"self":[{"href":"http:\/\/papier.papiere.de\/index.php?rest_route=\/wp\/v2\/pages\/176"}],"collection":[{"href":"http:\/\/papier.papiere.de\/index.php?rest_route=\/wp\/v2\/pages"}],"about":[{"href":"http:\/\/papier.papiere.de\/index.php?rest_route=\/wp\/v2\/types\/page"}],"author":[{"embeddable":true,"href":"http:\/\/papier.papiere.de\/index.php?rest_route=\/wp\/v2\/users\/1"}],"replies":[{"embeddable":true,"href":"http:\/\/papier.papiere.de\/index.php?rest_route=%2Fwp%2Fv2%2Fcomments&post=176"}],"version-history":[{"count":9,"href":"http:\/\/papier.papiere.de\/index.php?rest_route=\/wp\/v2\/pages\/176\/revisions"}],"predecessor-version":[{"id":852,"href":"http:\/\/papier.papiere.de\/index.php?rest_route=\/wp\/v2\/pages\/176\/revisions\/852"}],"up":[{"embeddable":true,"href":"http:\/\/papier.papiere.de\/index.php?rest_route=\/wp\/v2\/pages\/50"}],"wp:attachment":[{"href":"http:\/\/papier.papiere.de\/index.php?rest_route=%2Fwp%2Fv2%2Fmedia&parent=176"}],"curies":[{"name":"wp","href":"https:\/\/api.w.org\/{rel}","templated":true}]}}