{"id":213,"date":"2014-01-14T13:10:56","date_gmt":"2014-01-14T13:10:56","guid":{"rendered":"http:\/\/papiere.lkz.bplaced.net\/?page_id=213"},"modified":"2015-12-09T15:15:05","modified_gmt":"2015-12-09T15:15:05","slug":"schweres-gestrichenes-papier-170gr-posterpapier","status":"publish","type":"page","link":"http:\/\/papier.papiere.de\/?page_id=213","title":{"rendered":"Schweres gestrichenes Papier 170gr. (Posterpapier)"},"content":{"rendered":"<h1>Beschichtete Plotterpapiere<\/h1>\n<p style=\"padding-left: 30px;\"><span style=\"color: #000000;\"><a title=\"Gepudertes Inkjet-Papier\" href=\"http:\/\/papier.papiere.de\/?page_id=194\"><span style=\"color: #000000;\">Gepudertes Inkjet-Papier<\/span><\/a><\/span><br \/>\n<span style=\"color: #000000;\"> <a title=\"Gestrichenes Inkjet-Papier (einfach gestrichen)\" href=\"http:\/\/papier.papiere.de\/?page_id=197\"><span style=\"color: #000000;\">Gestrichenes Inkjet-Papier (einfach gestrichen)<\/span><\/a><\/span><br \/>\n<span style=\"color: #000000;\"> <a title=\"Gestrichenes Inkjet-Papier 90gr. (doppelseitig gestrichen)\" href=\"http:\/\/papier.papiere.de\/?page_id=200\"><span style=\"color: #000000;\">Gestrichenes Inkjet-Papier 90gr. (doppelseitig gestrichen)<\/span><\/a><\/span><br \/>\n<span style=\"color: #000000;\"> <a title=\"Gestrichenes Inkjet-Papier (hochaufl\u00f6send) 105gr.\" href=\"http:\/\/papier.papiere.de\/?page_id=203\"><span style=\"color: #000000;\">Gestrichenes Inkjet-Papier (hochaufl\u00f6send) 105gr.<\/span><\/a><\/span><br \/>\n<span style=\"color: #000000;\"> <a title=\"Schweres gestrichenes Inkjet-Papier 120gr.\" href=\"http:\/\/papier.papiere.de\/?page_id=207\"><span style=\"color: #000000;\">Schweres gestrichenes Inkjet-Papier 120gr.<\/span><\/a><\/span><br \/>\n<span style=\"color: #000000;\"> <a title=\"Schweres gestrichenes Inkjet-Papier 135gr.\" href=\"http:\/\/papier.papiere.de\/?page_id=210\"><span style=\"color: #000000;\">Schweres gestrichenes Inkjet-Papier 135gr.<\/span><\/a><\/span><br \/>\n<em><strong><span style=\"color: #000000;\"> <a title=\"Schweres gestrichenes Papier 170gr. (Posterpapier)\" href=\"http:\/\/papier.papiere.de\/?page_id=213\"><span style=\"color: #000000;\">Schweres gestrichenes Papier 170gr. (Posterpapier)<\/span><\/a><\/span><\/strong><\/em><\/p>\n<h2>Schweres gestrichenes Papier 170gr. (Posterpapier)<\/h2>\n<p>matt f\u00fcr Pr\u00e4sentationszwecke; durch das h\u00f6here Fl\u00e4chengewicht besonders gute Festigkeit und Planlage. F\u00fcr hochaufl\u00f6sende Ausdrucke in Farbbrillanz.<\/p>\n<table border=\"0\">\n<thead>\n<tr>\n<th style=\"background-color: #cccccc;\">Gewicht<\/th>\n<th style=\"background-color: #cccccc;\">Format\/Norm<\/th>\n<th style=\"background-color: #cccccc;\">Breite (cm)<\/th>\n<th style=\"background-color: #cccccc;\">L\u00e4nge\/RII. (m)<\/th>\n<th style=\"background-color: #cccccc;\">Best-Nr.<\/th>\n<\/tr>\n<\/thead>\n<tbody>\n<tr bgcolor=\"#99CCFF\">\n<td>170g<\/td>\n<td>24&#8243;<\/td>\n<td>61,0<\/td>\n<td>20<\/td>\n<td>40172061<\/td>\n<\/tr>\n<tr bgcolor=\"#CCFFFF\">\n<td>170g<\/td>\n<td>36&#8243;<\/td>\n<td>91,4<\/td>\n<td>20<\/td>\n<td>40172092<\/td>\n<\/tr>\n<tr bgcolor=\"#99CCFF\">\n<td>170g<\/td>\n<td>42&#8243;<\/td>\n<td>106,7<\/td>\n<td>20<\/td>\n<td>40172010<\/td>\n<\/tr>\n<tr bgcolor=\"#CCFFFF\">\n<td>170g<\/td>\n<td>44&#8243;<\/td>\n<td>111,8<\/td>\n<td>20<\/td>\n<td>40172012<\/td>\n<\/tr>\n<tr bgcolor=\"#99CCFF\">\n<td>170g<\/td>\n<td>50&#8243;<\/td>\n<td>127,0<\/td>\n<td>20<\/td>\n<td>40172013<\/td>\n<\/tr>\n<tr bgcolor=\"#CCFFFF\">\n<td>170g<\/td>\n<td>54&#8243;<\/td>\n<td>137,0<\/td>\n<td>20<\/td>\n<td>40172014<\/td>\n<\/tr>\n<tr bgcolor=\"#99CCFF\">\n<td>170g<\/td>\n<td>60&#8243;<\/td>\n<td>152,0<\/td>\n<td>20<\/td>\n<td>40172015<\/td>\n<\/tr>\n<\/tbody>\n<\/table>\n<p><\/p>\n","protected":false},"excerpt":{"rendered":"<p>Beschichtete Plotterpapiere Gepudertes Inkjet-Papier Gestrichenes Inkjet-Papier (einfach gestrichen) Gestrichenes Inkjet-Papier 90gr. (doppelseitig gestrichen) Gestrichenes Inkjet-Papier (hochaufl\u00f6send) 105gr. Schweres gestrichenes Inkjet-Papier 120gr. Schweres gestrichenes Inkjet-Papier 135gr. Schweres gestrichenes Papier 170gr. (Posterpapier) Schweres gestrichenes Papier 170gr. (Posterpapier) matt f\u00fcr Pr\u00e4sentationszwecke; durch das &hellip; <a href=\"http:\/\/papier.papiere.de\/?page_id=213\">Weiterlesen <span class=\"meta-nav\">&rarr;<\/span><\/a><\/p>\n","protected":false},"author":1,"featured_media":0,"parent":52,"menu_order":0,"comment_status":"closed","ping_status":"open","template":"","meta":[],"_links":{"self":[{"href":"http:\/\/papier.papiere.de\/index.php?rest_route=\/wp\/v2\/pages\/213"}],"collection":[{"href":"http:\/\/papier.papiere.de\/index.php?rest_route=\/wp\/v2\/pages"}],"about":[{"href":"http:\/\/papier.papiere.de\/index.php?rest_route=\/wp\/v2\/types\/page"}],"author":[{"embeddable":true,"href":"http:\/\/papier.papiere.de\/index.php?rest_route=\/wp\/v2\/users\/1"}],"replies":[{"embeddable":true,"href":"http:\/\/papier.papiere.de\/index.php?rest_route=%2Fwp%2Fv2%2Fcomments&post=213"}],"version-history":[{"count":2,"href":"http:\/\/papier.papiere.de\/index.php?rest_route=\/wp\/v2\/pages\/213\/revisions"}],"predecessor-version":[{"id":844,"href":"http:\/\/papier.papiere.de\/index.php?rest_route=\/wp\/v2\/pages\/213\/revisions\/844"}],"up":[{"embeddable":true,"href":"http:\/\/papier.papiere.de\/index.php?rest_route=\/wp\/v2\/pages\/52"}],"wp:attachment":[{"href":"http:\/\/papier.papiere.de\/index.php?rest_route=%2Fwp%2Fv2%2Fmedia&parent=213"}],"curies":[{"name":"wp","href":"https:\/\/api.w.org\/{rel}","templated":true}]}}