{"id":225,"date":"2014-01-14T13:39:46","date_gmt":"2014-01-14T13:39:46","guid":{"rendered":"http:\/\/papiere.lkz.bplaced.net\/?page_id=225"},"modified":"2014-01-16T12:31:29","modified_gmt":"2014-01-16T12:31:29","slug":"plotterpapiere-transparent","status":"publish","type":"page","link":"http:\/\/papier.papiere.de\/?page_id=225","title":{"rendered":"Translucentes Inkjet-Papier (halbtransparent)"},"content":{"rendered":"<h1>Plotterpapiere (Transparent)<\/h1>\n<p style=\"padding-left: 30px;\"><em><strong><span style=\"color: #000000;\"><a title=\"Transparent\" href=\"http:\/\/papier.papiere.de\/?page_id=27#TranslucentesInkjetPapier\"><span style=\"color: #000000;\">Translucentes Inkjet-Papier (halbtransparent)<\/span><\/a><\/span><\/strong><\/em><br \/>\n<a title=\"Hochtransparentes Papier\" href=\"http:\/\/papier.papiere.de\/?page_id=228\"><span style=\"color: #000000;\"> <span style=\"color: #000000;\">Hochtransparentes Papier<\/span><\/span><\/a><\/p>\n<h2> Translucentes Inkjet-Papier (halbtransparent)<\/h2>\n<p>f\u00fcr s\/w- und Farblinienplots mit guter Aufl\u00f6sung; schnelle Tintentrocknung und sehr guter Kontrast sind gew\u00e4hrleistet (lichtpausf\u00e4hig).<\/p>\n<table border=\"0\">\n<tbody>\n<tr>\n<th style=\"background-color: #cccccc;\">Gewicht<\/th>\n<th style=\"background-color: #cccccc;\">Format\/Norm<\/th>\n<th style=\"background-color: #cccccc;\">Breite (cm)<\/th>\n<th style=\"background-color: #cccccc;\">L\u00e4nge\/RII. (m)<\/th>\n<th style=\"background-color: #cccccc;\">Best-Nr.<\/th>\n<\/tr>\n<tr bgcolor=\"#99CCFF\">\n<td>60g<\/td>\n<td>24&#8243;<\/td>\n<td>61,0<\/td>\n<td>50<\/td>\n<td>400061<\/td>\n<\/tr>\n<tr bgcolor=\"#CCFFFF\">\n<td>60g<\/td>\n<td>36&#8243;<\/td>\n<td>91,4<\/td>\n<td>50<\/td>\n<td>400091<\/td>\n<\/tr>\n<\/tbody>\n<\/table>\n<p><\/p>\n","protected":false},"excerpt":{"rendered":"<p>Plotterpapiere (Transparent) Translucentes Inkjet-Papier (halbtransparent) Hochtransparentes Papier Translucentes Inkjet-Papier (halbtransparent) f\u00fcr s\/w- und Farblinienplots mit guter Aufl\u00f6sung; schnelle Tintentrocknung und sehr guter Kontrast sind gew\u00e4hrleistet (lichtpausf\u00e4hig). Gewicht Format\/Norm Breite (cm) L\u00e4nge\/RII. (m) Best-Nr. 60g 24&#8243; 61,0 50 400061 60g 36&#8243; &hellip; <a href=\"http:\/\/papier.papiere.de\/?page_id=225\">Weiterlesen <span class=\"meta-nav\">&rarr;<\/span><\/a><\/p>\n","protected":false},"author":1,"featured_media":0,"parent":27,"menu_order":0,"comment_status":"closed","ping_status":"open","template":"","meta":[],"_links":{"self":[{"href":"http:\/\/papier.papiere.de\/index.php?rest_route=\/wp\/v2\/pages\/225"}],"collection":[{"href":"http:\/\/papier.papiere.de\/index.php?rest_route=\/wp\/v2\/pages"}],"about":[{"href":"http:\/\/papier.papiere.de\/index.php?rest_route=\/wp\/v2\/types\/page"}],"author":[{"embeddable":true,"href":"http:\/\/papier.papiere.de\/index.php?rest_route=\/wp\/v2\/users\/1"}],"replies":[{"embeddable":true,"href":"http:\/\/papier.papiere.de\/index.php?rest_route=%2Fwp%2Fv2%2Fcomments&post=225"}],"version-history":[{"count":1,"href":"http:\/\/papier.papiere.de\/index.php?rest_route=\/wp\/v2\/pages\/225\/revisions"}],"predecessor-version":[{"id":421,"href":"http:\/\/papier.papiere.de\/index.php?rest_route=\/wp\/v2\/pages\/225\/revisions\/421"}],"up":[{"embeddable":true,"href":"http:\/\/papier.papiere.de\/index.php?rest_route=\/wp\/v2\/pages\/27"}],"wp:attachment":[{"href":"http:\/\/papier.papiere.de\/index.php?rest_route=%2Fwp%2Fv2%2Fmedia&parent=225"}],"curies":[{"name":"wp","href":"https:\/\/api.w.org\/{rel}","templated":true}]}}