{"id":228,"date":"2014-01-14T14:31:00","date_gmt":"2014-01-14T14:31:00","guid":{"rendered":"http:\/\/papiere.lkz.bplaced.net\/?page_id=228"},"modified":"2014-04-14T14:00:44","modified_gmt":"2014-04-14T14:00:44","slug":"hochtransparentes-papier","status":"publish","type":"page","link":"http:\/\/papier.papiere.de\/?page_id=228","title":{"rendered":"Hochtransparentes Papier"},"content":{"rendered":"<h1>Plotterpapiere (Transparent)<\/h1>\n<p style=\"padding-left: 30px;\"><span style=\"color: #000000;\"><a title=\"Translucentes Inkjet-Papier (halbtransparent)\" href=\"http:\/\/papier.papiere.de\/?page_id=225\"><span style=\"color: #000000;\">Translucentes Inkjet-Papier (halbtransparent)<\/span><\/a><\/span><br \/>\n<em><strong><span style=\"color: #000000;\"> <a title=\"Hochtransparentes Papier\" href=\"http:\/\/papier.papiere.de\/?page_id=228\"><span style=\"color: #000000;\"> Hochtransparentes Papier<\/span><\/a><\/span><\/strong><\/em><\/p>\n<h2><\/h2>\n<h2>Hochtransparentes Papier<\/h2>\n<p>f\u00fcr s\/w-Ausgaben von kontrastreichen Pl\u00e4nen mit sehr guter Fl\u00e4chendeckung; daher ideal zu verwenden bei allen Vervielf\u00e4ltigungstechnologien; kurze Trocknungszeit.<\/p>\n<table border=\"0\">\n<tbody>\n<tr>\n<th style=\"background-color: #cccccc;\">Gewicht<\/th>\n<th style=\"background-color: #cccccc;\">Format\/Norm<\/th>\n<th style=\"background-color: #cccccc;\">Breite (cm)<\/th>\n<th style=\"background-color: #cccccc;\">L\u00e4nge\/RII. (m)<\/th>\n<th style=\"background-color: #cccccc;\">Best-Nr.<\/th>\n<\/tr>\n<tr bgcolor=\"#99CCFF\">\n<td>90g<\/td>\n<td>24&#8243;<\/td>\n<td>61,0<\/td>\n<td>50<\/td>\n<td>59061<\/td>\n<\/tr>\n<tr bgcolor=\"#CCFFFF\">\n<td>90g<\/td>\n<td>36&#8243;<\/td>\n<td>91,4<\/td>\n<td>50<\/td>\n<td>59091<\/td>\n<\/tr>\n<tr bgcolor=\"#99CCFF\">\n<td>110-115g<\/td>\n<td>24&#8243;<\/td>\n<td>61,0<\/td>\n<td>50<\/td>\n<td>51161<\/td>\n<\/tr>\n<tr bgcolor=\"#CCFFFF\">\n<td>110-115g<\/td>\n<td>36&#8243;<\/td>\n<td>91,4<\/td>\n<td>50<\/td>\n<td>51191<\/td>\n<\/tr>\n<tr>\n<td style=\"background-color: #ffffff;\" colspan=\"5\"><\/td>\n<\/tr>\n<tr>\n<th style=\"background-color: #cccccc;\">Gewicht<\/th>\n<th style=\"background-color: #cccccc;\">Format\/Norm<\/th>\n<th style=\"background-color: #cccccc;\">Breite (cm)<\/th>\n<th style=\"background-color: #cccccc;\">L\u00e4nge (Cm)<\/th>\n<th style=\"background-color: #cccccc;\">Best-Nr.<\/th>\n<\/tr>\n<tr bgcolor=\"#99CCFF\">\n<td>90g<\/td>\n<td>A4<\/td>\n<td>21,0<\/td>\n<td>29,7<\/td>\n<td>50903021<\/td>\n<\/tr>\n<tr bgcolor=\"#CCFFFF\">\n<td>90g<\/td>\n<td>A4+<\/td>\n<td>24,0<\/td>\n<td>33,0<\/td>\n<td>50903324<\/td>\n<\/tr>\n<tr bgcolor=\"#99CCFF\">\n<td>90g<\/td>\n<td>A3<\/td>\n<td>29,7<\/td>\n<td>42,0<\/td>\n<td>50904230<\/td>\n<\/tr>\n<tr bgcolor=\"#CCFFFF\">\n<td>90g<\/td>\n<td>A3+<\/td>\n<td>33,0<\/td>\n<td>45,0<\/td>\n<td>50904533<\/td>\n<\/tr>\n<tr bgcolor=\"#99CCFF\">\n<td>90g<\/td>\n<td>A2<\/td>\n<td>42,0<\/td>\n<td>59,4<\/td>\n<td>50906042<\/td>\n<\/tr>\n<tr bgcolor=\"#CCFFFF\">\n<td>90g<\/td>\n<td>A2+<\/td>\n<td>45,0<\/td>\n<td>62,5<\/td>\n<td>50906345<\/td>\n<\/tr>\n<tr bgcolor=\"#99CCFF\">\n<td>90g<\/td>\n<td>A1<\/td>\n<td>59,4<\/td>\n<td>84,1<\/td>\n<td>50908460<\/td>\n<\/tr>\n<tr bgcolor=\"#CCFFFF\">\n<td>90g<\/td>\n<td>A1+<\/td>\n<td>62,5<\/td>\n<td>88,0<\/td>\n<td>50908863<\/td>\n<\/tr>\n<tr bgcolor=\"#99CCFF\">\n<td>90g<\/td>\n<td>A0<\/td>\n<td>84,1<\/td>\n<td>118,9<\/td>\n<td>50901284<\/td>\n<\/tr>\n<tr bgcolor=\"#CCFFFF\">\n<td>90g<\/td>\n<td>A0+<\/td>\n<td>88,0<\/td>\n<td>123,0<\/td>\n<td>50901288<\/td>\n<\/tr>\n<tr bgcolor=\"#F1f1f1\">\n<td style=\"background-color: #ffffff;\" colspan=\"5\"><\/td>\n<\/tr>\n<tr>\n<th style=\"background-color: #cccccc;\">Gewicht<\/th>\n<th style=\"background-color: #cccccc;\">Format\/Norm<\/th>\n<th style=\"background-color: #cccccc;\">Breite (cm)<\/th>\n<th style=\"background-color: #cccccc;\">L\u00e4nge (Cm)<\/th>\n<th style=\"background-color: #cccccc;\">Best-Nr.<\/th>\n<\/tr>\n<tr bgcolor=\"#99CCFF\">\n<td>110-115g<\/td>\n<td>A4<\/td>\n<td>21,0<\/td>\n<td>29,7<\/td>\n<td>50113021<\/td>\n<\/tr>\n<tr bgcolor=\"#CCFFFF\">\n<td>110-115g<\/td>\n<td>A4+<\/td>\n<td>24,0<\/td>\n<td>33,0<\/td>\n<td>50113324<\/td>\n<\/tr>\n<tr bgcolor=\"#99CCFF\">\n<td>110-115g<\/td>\n<td>A3<\/td>\n<td>29,7<\/td>\n<td>42,0<\/td>\n<td>50114230<\/td>\n<\/tr>\n<tr bgcolor=\"#CCFFFF\">\n<td>110-115g<\/td>\n<td>A3+<\/td>\n<td>33,0<\/td>\n<td>45,0<\/td>\n<td>50114533<\/td>\n<\/tr>\n<tr bgcolor=\"#99CCFF\">\n<td>110-115g<\/td>\n<td>A2<\/td>\n<td>42,0<\/td>\n<td>59,4<\/td>\n<td>50116042<\/td>\n<\/tr>\n<tr bgcolor=\"#CCFFFF\">\n<td>110-115g<\/td>\n<td>A2+<\/td>\n<td>45,0<\/td>\n<td>62,5<\/td>\n<td>50116345<\/td>\n<\/tr>\n<tr bgcolor=\"#99CCFF\">\n<td>110-115g<\/td>\n<td>A1<\/td>\n<td>59,4<\/td>\n<td>84,1<\/td>\n<td>50118460<\/td>\n<\/tr>\n<tr bgcolor=\"#CCFFFF\">\n<td>110-115g<\/td>\n<td>A1+<\/td>\n<td>62,5<\/td>\n<td>88,0<\/td>\n<td>50118863<\/td>\n<\/tr>\n<tr bgcolor=\"#99CCFF\">\n<td>110-115g<\/td>\n<td>A0<\/td>\n<td>84,1<\/td>\n<td>118,9<\/td>\n<td>50118460<\/td>\n<\/tr>\n<tr bgcolor=\"#CCFFFF\">\n<td>110-115g<\/td>\n<td>A0+<\/td>\n<td>88,0<\/td>\n<td>123,0<\/td>\n<td>50111288<\/td>\n<\/tr>\n<\/tbody>\n<\/table>\n<p><\/p>\n","protected":false},"excerpt":{"rendered":"<p>Plotterpapiere (Transparent) Translucentes Inkjet-Papier (halbtransparent) Hochtransparentes Papier Hochtransparentes Papier f\u00fcr s\/w-Ausgaben von kontrastreichen Pl\u00e4nen mit sehr guter Fl\u00e4chendeckung; daher ideal zu verwenden bei allen Vervielf\u00e4ltigungstechnologien; kurze Trocknungszeit. Gewicht Format\/Norm Breite (cm) L\u00e4nge\/RII. (m) Best-Nr. 90g 24&#8243; 61,0 50 59061 90g &hellip; <a href=\"http:\/\/papier.papiere.de\/?page_id=228\">Weiterlesen <span class=\"meta-nav\">&rarr;<\/span><\/a><\/p>\n","protected":false},"author":1,"featured_media":0,"parent":27,"menu_order":0,"comment_status":"closed","ping_status":"open","template":"","meta":[],"_links":{"self":[{"href":"http:\/\/papier.papiere.de\/index.php?rest_route=\/wp\/v2\/pages\/228"}],"collection":[{"href":"http:\/\/papier.papiere.de\/index.php?rest_route=\/wp\/v2\/pages"}],"about":[{"href":"http:\/\/papier.papiere.de\/index.php?rest_route=\/wp\/v2\/types\/page"}],"author":[{"embeddable":true,"href":"http:\/\/papier.papiere.de\/index.php?rest_route=\/wp\/v2\/users\/1"}],"replies":[{"embeddable":true,"href":"http:\/\/papier.papiere.de\/index.php?rest_route=%2Fwp%2Fv2%2Fcomments&post=228"}],"version-history":[{"count":3,"href":"http:\/\/papier.papiere.de\/index.php?rest_route=\/wp\/v2\/pages\/228\/revisions"}],"predecessor-version":[{"id":794,"href":"http:\/\/papier.papiere.de\/index.php?rest_route=\/wp\/v2\/pages\/228\/revisions\/794"}],"up":[{"embeddable":true,"href":"http:\/\/papier.papiere.de\/index.php?rest_route=\/wp\/v2\/pages\/27"}],"wp:attachment":[{"href":"http:\/\/papier.papiere.de\/index.php?rest_route=%2Fwp%2Fv2%2Fmedia&parent=228"}],"curies":[{"name":"wp","href":"https:\/\/api.w.org\/{rel}","templated":true}]}}