{"id":301,"date":"2014-01-14T15:35:55","date_gmt":"2014-01-14T15:35:55","guid":{"rendered":"http:\/\/papiere.lkz.bplaced.net\/?page_id=301"},"modified":"2014-01-31T08:14:41","modified_gmt":"2014-01-31T08:14:41","slug":"grosflachenkopierpapier-weis-oce-black-label-175m","status":"publish","type":"page","link":"http:\/\/papier.papiere.de\/?page_id=301","title":{"rendered":"Gro\u00dffl\u00e4chenkopierpapier wei\u00df Oc\u00e9 PPC plus 175m"},"content":{"rendered":"<h1>Kopierrollen f\u00fcr Gro\u00dfkopierer und Laserplotter<\/h1>\n<p style=\"padding-left: 30px;\"><span style=\"color: #000000;\"><a title=\"Gro\u00dffl\u00e4chenkopierpapier hochwei\u00df Premium 175m\" href=\"http:\/\/papier.papiere.de\/?page_id=295\"><span style=\"color: #000000;\">Gro\u00dffl\u00e4chenkopierpapier hochwei\u00df Premium 175m<\/span><\/a><\/span><br \/>\n<a title=\"Gro\u00dffl\u00e4chenkopierpapier wei\u00df Speed 100m\" href=\"http:\/\/papier.papiere.de\/?page_id=291\">Gro\u00dffl\u00e4chenkopierpapier wei\u00df 100m<\/a><br \/>\n<a title=\"Gro\u00dffl\u00e4chenkopierpapier wei\u00df Oc\u00e9 Black label 175m\" href=\"http:\/\/papier.papiere.de\/?page_id=301\"><em><strong>Gro\u00dffl\u00e4chenkopierpapier wei\u00df Oc\u00e9 PPC plus 175m<\/strong><\/em><br \/>\n<\/a><a title=\"Gro\u00dffl\u00e4chenkopierpapier wei\u00df Oc\u00e9 Red label 175m\" href=\"http:\/\/papier.papiere.de\/?page_id=299\">Gro\u00dffl\u00e4chenkopierpapier wei\u00df Oc\u00e9 Red label 175m<\/a><br \/>\n<span style=\"color: #000000;\"> <a title=\"Gro\u00dffl\u00e4chenkopierpapier hochwei\u00df Oc\u00e9 Top label 175\" href=\"http:\/\/papier.papiere.de\/?page_id=297\"><span style=\"color: #000000;\">Gro\u00dffl\u00e4chenkopierpapier hochwei\u00df Oc\u00e9 Top label 175<\/span><\/a><\/span><\/p>\n<p><span style=\"color: #000000;\"> <em> Gro\u00dffl\u00e4chenkopierpapiere farbig gerne auf Anfrage!<\/em><\/span><\/p>\n<h2><\/h2>\n<h2>Gro\u00dffl\u00e4chenkopierpapier wei\u00df Oc\u00e9\u00a0<span style=\"color: #000000;\"><strong><span style=\"color: #000000;\">PPC plus<\/span><\/strong><\/span> 175m<\/h2>\n<p>Guter Wei\u00dfegrad, vern\u00fcnftige Handhabungseigenschaften und elementar chlorfrei gebleicht &#8211; das zeichnet dieses original Oc\u00e9 Papier mit dem besonderen Preisleistungsverh\u00e4ltnis aus. Die perfekte Wahl f\u00fcr alle, bei denen Wirtschaftlichkeit an erster Stelle steht. Hinweis: auch als 200m Rollen lieferbar!<\/p>\n<table border=\"0\">\n<tbody>\n<tr>\n<th style=\"background-color: #cccccc;\">Gewicht<\/th>\n<th style=\"background-color: #cccccc;\">Format\/Norm<\/th>\n<th style=\"background-color: #cccccc;\">Breite (cm)<\/th>\n<th style=\"background-color: #cccccc;\">L\u00e4nge\/RII. (m)<\/th>\n<th style=\"background-color: #cccccc;\">Best-Nr.<\/th>\n<\/tr>\n<tr bgcolor=\"#99CCFF\">\n<td>75-80g<\/td>\n<td><\/td>\n<td>29,7<\/td>\n<td>175<\/td>\n<td>97003309<\/td>\n<\/tr>\n<tr bgcolor=\"#CCFFFF\">\n<td>75-80g<\/td>\n<td><\/td>\n<td>42,0<\/td>\n<td>175<\/td>\n<td>97003310<\/td>\n<\/tr>\n<tr bgcolor=\"#99CCFF\">\n<td>75-80g<\/td>\n<td><\/td>\n<td>59,4<\/td>\n<td>175<\/td>\n<td>97003311<\/td>\n<\/tr>\n<tr style=\"background-color: #ccffff;\">\n<td style=\"background-color: #ccffff;\">75-80g<\/td>\n<td><\/td>\n<td>84,1<\/td>\n<td>175<\/td>\n<td>97003312<\/td>\n<\/tr>\n<tr style=\"background-color: #99ccff;\">\n<td>75-80g<\/td>\n<td>36&#8243;<\/td>\n<td>91,4<\/td>\n<td>175<\/td>\n<td>97003313<\/td>\n<\/tr>\n<\/tbody>\n<\/table>\n<p>&nbsp;<\/p>\n<p>&nbsp;<\/p>\n","protected":false},"excerpt":{"rendered":"<p>Kopierrollen f\u00fcr Gro\u00dfkopierer und Laserplotter Gro\u00dffl\u00e4chenkopierpapier hochwei\u00df Premium 175m Gro\u00dffl\u00e4chenkopierpapier wei\u00df 100m Gro\u00dffl\u00e4chenkopierpapier wei\u00df Oc\u00e9 PPC plus 175m Gro\u00dffl\u00e4chenkopierpapier wei\u00df Oc\u00e9 Red label 175m Gro\u00dffl\u00e4chenkopierpapier hochwei\u00df Oc\u00e9 Top label 175 Gro\u00dffl\u00e4chenkopierpapiere farbig gerne auf Anfrage! Gro\u00dffl\u00e4chenkopierpapier wei\u00df Oc\u00e9\u00a0PPC plus 175m &hellip; <a href=\"http:\/\/papier.papiere.de\/?page_id=301\">Weiterlesen <span class=\"meta-nav\">&rarr;<\/span><\/a><\/p>\n","protected":false},"author":1,"featured_media":727,"parent":25,"menu_order":0,"comment_status":"closed","ping_status":"open","template":"","meta":[],"_links":{"self":[{"href":"http:\/\/papier.papiere.de\/index.php?rest_route=\/wp\/v2\/pages\/301"}],"collection":[{"href":"http:\/\/papier.papiere.de\/index.php?rest_route=\/wp\/v2\/pages"}],"about":[{"href":"http:\/\/papier.papiere.de\/index.php?rest_route=\/wp\/v2\/types\/page"}],"author":[{"embeddable":true,"href":"http:\/\/papier.papiere.de\/index.php?rest_route=\/wp\/v2\/users\/1"}],"replies":[{"embeddable":true,"href":"http:\/\/papier.papiere.de\/index.php?rest_route=%2Fwp%2Fv2%2Fcomments&post=301"}],"version-history":[{"count":15,"href":"http:\/\/papier.papiere.de\/index.php?rest_route=\/wp\/v2\/pages\/301\/revisions"}],"predecessor-version":[{"id":659,"href":"http:\/\/papier.papiere.de\/index.php?rest_route=\/wp\/v2\/pages\/301\/revisions\/659"}],"up":[{"embeddable":true,"href":"http:\/\/papier.papiere.de\/index.php?rest_route=\/wp\/v2\/pages\/25"}],"wp:featuredmedia":[{"embeddable":true,"href":"http:\/\/papier.papiere.de\/index.php?rest_route=\/wp\/v2\/media\/727"}],"wp:attachment":[{"href":"http:\/\/papier.papiere.de\/index.php?rest_route=%2Fwp%2Fv2%2Fmedia&parent=301"}],"curies":[{"name":"wp","href":"https:\/\/api.w.org\/{rel}","templated":true}]}}