{"id":319,"date":"2014-01-15T07:51:54","date_gmt":"2014-01-15T07:51:54","guid":{"rendered":"http:\/\/papiere.lkz.bplaced.net\/?page_id=319"},"modified":"2016-11-16T12:16:06","modified_gmt":"2016-11-16T12:16:06","slug":"oce-backlit-film-bpa","status":"publish","type":"page","link":"http:\/\/papier.papiere.de\/?page_id=319","title":{"rendered":"Backlit Film"},"content":{"rendered":"<h1>Grafische Rollenpapiere<\/h1>\n<p style=\"padding-left: 30px;\"><span style=\"color: #000000;\"><a title=\"Oc\u00e9 Glossy Vinyl Banner (PVC-Plane)\" href=\"http:\/\/papier.papiere.de\/?page_id=313\"><span style=\"color: #000000;\">Outdoor-Banner (PVC-Plane)<\/span><\/a><\/span><br \/>\n<span style=\"color: #000000;\"><a title=\"Oc\u00e9 Artist Grade Canvas (echt Leinwand)\" href=\"http:\/\/papier.papiere.de\/?page_id=317\"><span style=\"color: #000000;\">Canvas (echt Leinwand)<\/span><\/a><\/span><br \/>\n<em><strong><span style=\"color: #000000;\"><a title=\"Oc\u00e9 Backlit Film BPA\" href=\"http:\/\/papier.papiere.de\/?page_id=319\"><span style=\"color: #000000;\">Backlit Film<\/span><\/a><\/span><\/strong><\/em><br \/>\n<span style=\"color: #000000;\"> <a title=\"Selbstklebefolien\" href=\"http:\/\/papier.papiere.de\/?page_id=321\"><span style=\"color: #000000;\">Selbstklebefolien<\/span><\/a><\/span><\/p>\n<h2><\/h2>\n<h2>Backlit Film (Frontprint: Au\u00dfenseite bedruckbar)<\/h2>\n<p>Halbtransparenter Polyesterfilm f\u00fcr lebendige Farben in der Leuchtwerbung.<br \/>\nFeuchtigkeitsbest\u00e4ndig, reflexionsfrei und schnelltrocknend.<\/p>\n<table style=\"width: 100%;\" border=\"0\">\n<tbody>\n<tr>\n<th bgcolor=\"#666666\">Gewicht<\/th>\n<th bgcolor=\"#666666\">Format\/Norm<\/th>\n<th bgcolor=\"#666666\">Breite (cm)<\/th>\n<th bgcolor=\"#666666\">L\u00e4nge\/RII. (m)<\/th>\n<th bgcolor=\"#666666\">Best-Nr.<\/th>\n<\/tr>\n<tr bgcolor=\"#99CCFF\">\n<td>210\u00b5<\/td>\n<td>36&#8243;<\/td>\n<td>91,4<\/td>\n<td>30<\/td>\n<td>760421536029<\/td>\n<\/tr>\n<tr bgcolor=\"#CCFFFF\">\n<td>210\u00b5<\/td>\n<td>42&#8243;<\/td>\n<td>106,7<\/td>\n<td>30<\/td>\n<td>760421542029<\/td>\n<\/tr>\n<tr bgcolor=\"#99CCFF\">\n<td>210\u00b5<\/td>\n<td>54&#8243;<\/td>\n<td>137,0<\/td>\n<td>30<\/td>\n<td>760421554029<\/td>\n<\/tr>\n<tr bgcolor=\"#CCFFFF\">\n<td>210\u00b5<\/td>\n<td>60&#8243;<\/td>\n<td>152,4<\/td>\n<td>30<\/td>\n<td>760421560029<\/td>\n<\/tr>\n<\/tbody>\n<\/table>\n<p><\/p>\n","protected":false},"excerpt":{"rendered":"<p>Grafische Rollenpapiere Outdoor-Banner (PVC-Plane) Canvas (echt Leinwand) Backlit Film Selbstklebefolien Backlit Film (Frontprint: Au\u00dfenseite bedruckbar) Halbtransparenter Polyesterfilm f\u00fcr lebendige Farben in der Leuchtwerbung. Feuchtigkeitsbest\u00e4ndig, reflexionsfrei und schnelltrocknend. Gewicht Format\/Norm Breite (cm) L\u00e4nge\/RII. (m) Best-Nr. 210\u00b5 36&#8243; 91,4 30 760421536029 210\u00b5 &hellip; <a href=\"http:\/\/papier.papiere.de\/?page_id=319\">Weiterlesen <span class=\"meta-nav\">&rarr;<\/span><\/a><\/p>\n","protected":false},"author":1,"featured_media":726,"parent":31,"menu_order":0,"comment_status":"closed","ping_status":"open","template":"","meta":[],"_links":{"self":[{"href":"http:\/\/papier.papiere.de\/index.php?rest_route=\/wp\/v2\/pages\/319"}],"collection":[{"href":"http:\/\/papier.papiere.de\/index.php?rest_route=\/wp\/v2\/pages"}],"about":[{"href":"http:\/\/papier.papiere.de\/index.php?rest_route=\/wp\/v2\/types\/page"}],"author":[{"embeddable":true,"href":"http:\/\/papier.papiere.de\/index.php?rest_route=\/wp\/v2\/users\/1"}],"replies":[{"embeddable":true,"href":"http:\/\/papier.papiere.de\/index.php?rest_route=%2Fwp%2Fv2%2Fcomments&post=319"}],"version-history":[{"count":6,"href":"http:\/\/papier.papiere.de\/index.php?rest_route=\/wp\/v2\/pages\/319\/revisions"}],"predecessor-version":[{"id":850,"href":"http:\/\/papier.papiere.de\/index.php?rest_route=\/wp\/v2\/pages\/319\/revisions\/850"}],"up":[{"embeddable":true,"href":"http:\/\/papier.papiere.de\/index.php?rest_route=\/wp\/v2\/pages\/31"}],"wp:featuredmedia":[{"embeddable":true,"href":"http:\/\/papier.papiere.de\/index.php?rest_route=\/wp\/v2\/media\/726"}],"wp:attachment":[{"href":"http:\/\/papier.papiere.de\/index.php?rest_route=%2Fwp%2Fv2%2Fmedia&parent=319"}],"curies":[{"name":"wp","href":"https:\/\/api.w.org\/{rel}","templated":true}]}}